{"success":true,"title":"Vid\u00e9o","content":"\u003Cdiv id=\u0022video-detail-modal\u0022 class=\u0022modal fade\u0022 style=\u0022\u0022  tabindex=\u0022-1\u0022 role=\u0022dialog\u0022\u003E\n    \u003Cdiv class=\u0022modal-dialog \u0022 role=\u0022document\u0022\u003E\n          \u003Cdiv class=\u0022modal-content\u0022\u003E\n                                              \u003Cdiv class=\u0022modal-body\u0022\u003E\n                      \u003Cdiv class=\u0022video-detail-modal-content\u0022\u003E\n        \u003Cdiv class=\u0022video-detail-content\u0022\u003E\n\n            \u003Cdiv class=\u0022video-detail-content-top\u0022\u003E\n                \u003Cdiv class=\u0022video-heading-infos\u0022\u003E\n                    \u003Cdiv class=\u0022row align-items-center\u0022\u003E\n                        \u003Cdiv class=\u0022col-12\u0022\u003E\n                            \u003Cdiv class=\u0022casting-heading casting-heading-primary casting-heading-border casting-heading-border-full\u0022\u003E\n                                \u003Cp class=\u0022h5 casting-heading-title\u0022\u003EMon Tissu Pre\u0301fe\u0301re\u0301\uff5cFilm Fest Gent 2018\u003C\/p\u003E\n                                \u003Cdiv class=\u0022casting-heading-tools\u0022\u003E\n                                    \u003Cbutton type=\u0022button\u0022 class=\u0022close\u0022 data-dismiss=\u0022modal\u0022 aria-label=\u0022Fermer\u0022\u003E\u003Cspan aria-hidden=\u0022true\u0022\u003E\u0026times;\u003C\/span\u003E\u003C\/button\u003E\n                                \u003C\/div\u003E\n                            \u003C\/div\u003E\n                            \u003Cp class=\u0022video-info-meta\u0022\u003E\n                                \n                                                                                                    \n                                \n                                \u003Cspan class=\u0022casting-video-date\u0022\u003E\u003Ci class=\u0022fi flaticon-calendar\u0022\u003E\u003C\/i\u003E \u003Cspan class=\u0022lbl\u0022\u003E17\/07\/2019\u003C\/span\u003E\u003C\/span\u003E\n                            \u003C\/p\u003E\n                        \u003C\/div\u003E\n                    \u003C\/div\u003E\n                \u003C\/div\u003E\n            \u003C\/div\u003E\n\n            \u003Cdiv class=\u0022video-box\u0022\u003E\n                \u003Cdiv class=\u0022video-detail-preview\u0022\u003E\n                    \u003Cdiv class=\u0022embed-responsive embed-responsive-16by9 video video-type-1\u0022\u003E\n    \u003Ciframe class=\u0022embed-responsive-item\u0022 src=\u0022\/\/www.youtube.com\/embed\/iU5c0i_mEFA\u0022\u003E\u003C\/iframe\u003E\n\u003C\/div\u003E\n                \u003C\/div\u003E\n            \u003C\/div\u003E\n\n            \u003Cdiv class=\u0022video-detail-infos\u0022\u003E\n                \u003Cdiv class=\u0022row align-items-center\u0022\u003E\n                    \u003Cdiv class=\u0022col-12\u0022\u003E\n                        \u003Cdiv class=\u0022casting-heading\u0022\u003E\n                            \u003Cdiv class=\u0022casting-heading-tools\u0022\u003E\n                                \u003Cdiv class=\u0022video-info-meta\u0022\u003E\n                                    \u003Cspan class=\u0022casting-video-artist\u0022\u003E\u003Ci class=\u0022fi flaticon-user\u0022\u003E\u003C\/i\u003E lostan\u003C\/span\u003E\n                                    \u003Cspan class=\u0022casting-video-duration\u0022\u003E\u003Ci class=\u0022fi flaticon-clock\u0022\u003E\u003C\/i\u003E 01:55\u003C\/span\u003E\n                                \u003C\/div\u003E\n                            \u003C\/div\u003E\n                        \u003C\/div\u003E\n                    \u003C\/div\u003E\n\n                    \u003Cdiv class=\u0022col-12\u0022\u003E\n                        \u003Cdiv class=\u0022video-detail-description\u0022\u003E\n                            \u003Cdiv class=\u0022wysiwyg-content\u0022\u003E\n                                Damas, mars 2011. La r\u00e9volution commence \u00e0 gronder. Nahla est une jeune femme de 25 ans, tiraill\u00e9e entre son d\u00e9sir de libert\u00e9 et l\u2019espoir de quitter le pays gr\u00e2ce au mariage arrang\u00e9 avec Samir, un Syrien expatri\u00e9 aux Etats-Unis. Mais Samir lui pr\u00e9f\u00e8re sa jeune s\u0153ur Myriam, plus docile. Nahla se rapproche alors de sa nouvelle voisine, Madame Jiji, qui vient d\u2019arriver dans l\u2019immeuble pour ouvrir une maison close.\n                            \u003C\/div\u003E\n                        \u003C\/div\u003E\n                    \u003C\/div\u003E\n                \u003C\/div\u003E\n            \u003C\/div\u003E\n        \u003C\/div\u003E\n    \u003C\/div\u003E\n                \u003C\/div\u003E\n                                        \u003C\/div\u003E\n    \u003C\/div\u003E\n\u003C\/div\u003E\n","video":{"id":"10585","embedUrl":"\/\/www.youtube.com\/embed\/iU5c0i_mEFA","isUseExternalIdentifier":true,"sourceUrl":"https:\/\/www.youtube.com\/watch?v=iU5c0i_mEFA","title":"Mon Tissu Pre\u0301fe\u0301re\u0301\uff5cFilm Fest Gent 2018","description":"Damas, mars 2011. La r\u00e9volution commence \u00e0 gronder. Nahla est une jeune femme de 25 ans, tiraill\u00e9e entre son d\u00e9sir de libert\u00e9 et l\u2019espoir de quitter le pays gr\u00e2ce au mariage arrang\u00e9 avec Samir, un Syrien expatri\u00e9 aux Etats-Unis. Mais Samir lui pr\u00e9f\u00e8re sa jeune s\u0153ur Myriam, plus docile. Nahla se rapproche alors de sa nouvelle voisine, Madame Jiji, qui vient d\u2019arriver dans l\u2019immeuble pour ouvrir une maison close.","type":"1"},"increment_view_count":false,"add_display_min_time":10}

Vidéo

<div id="video-detail-modal" class="modal fade" style=""  tabindex="-1" role="dialog">
    <div class="modal-dialog " role="document">
          <div class="modal-content">
                                              <div class="modal-body">
                      <div class="video-detail-modal-content">
        <div class="video-detail-content">

            <div class="video-detail-content-top">
                <div class="video-heading-infos">
                    <div class="row align-items-center">
                        <div class="col-12">
                            <div class="casting-heading casting-heading-primary casting-heading-border casting-heading-border-full">
                                <p class="h5 casting-heading-title">Mon Tissu Préféré｜Film Fest Gent 2018</p>
                                <div class="casting-heading-tools">
                                    <button type="button" class="close" data-dismiss="modal" aria-label="Fermer"><span aria-hidden="true">&times;</span></button>
                                </div>
                            </div>
                            <p class="video-info-meta">
                                
                                                                                                    
                                
                                <span class="casting-video-date"><i class="fi flaticon-calendar"></i> <span class="lbl">17/07/2019</span></span>
                            </p>
                        </div>
                    </div>
                </div>
            </div>

            <div class="video-box">
                <div class="video-detail-preview">
                    <div class="embed-responsive embed-responsive-16by9 video video-type-1">
    <iframe class="embed-responsive-item" src="//www.youtube.com/embed/iU5c0i_mEFA"></iframe>
</div>
                </div>
            </div>

            <div class="video-detail-infos">
                <div class="row align-items-center">
                    <div class="col-12">
                        <div class="casting-heading">
                            <div class="casting-heading-tools">
                                <div class="video-info-meta">
                                    <span class="casting-video-artist"><i class="fi flaticon-user"></i> lostan</span>
                                    <span class="casting-video-duration"><i class="fi flaticon-clock"></i> 01:55</span>
                                </div>
                            </div>
                        </div>
                    </div>

                    <div class="col-12">
                        <div class="video-detail-description">
                            <div class="wysiwyg-content">
                                Damas, mars 2011. La révolution commence à gronder. Nahla est une jeune femme de 25 ans, tiraillée entre son désir de liberté et l’espoir de quitter le pays grâce au mariage arrangé avec Samir, un Syrien expatrié aux Etats-Unis. Mais Samir lui préfère sa jeune sœur Myriam, plus docile. Nahla se rapproche alors de sa nouvelle voisine, Madame Jiji, qui vient d’arriver dans l’immeuble pour ouvrir une maison close.
                            </div>
                        </div>
                    </div>
                </div>
            </div>
        </div>
    </div>
                </div>
                                        </div>
    </div>
</div>

Damas, mars 2011. La révolution commence à gronder. Nahla est une jeune femme de 25 ans, tiraillée entre son désir de liberté et l’espoir de quitter le pays grâce au mariage arrangé avec Samir, un Syrien expatrié aux Etats-Unis. Mais Samir lui préfère sa jeune sœur Myriam, plus docile. Nahla se rapproche alors de sa nouvelle voisine, Madame Jiji, qui vient d’arriver dans l’immeuble pour ouvrir une maison close.
